 = -144 + 253. List the prime factors of y.
109
Let q be 2/3 - 14/(-6). Suppose -5*k - h = -29, 2*k + q*k + 5*h = 25. List the prime factors of k.
2, 3
Suppose 4*r - 3*l - 67 = 0, r - 11 = 3*l - 8*l. Suppose -3*b = b + r. List the prime factors of 2/(-4) - 34/b.
2
Suppose -2*c - 21 = c. Let m = c - -15. What are the prime factors of m?
2
Let a be 3/1 - (1 - 5). Suppose 0 = -a*s + 4*s + 12. What are the prime factors of s?
2
Suppose -2*w + 40 = 2*g, 3*g - 65 + 1 = -4*w. List the prime factors of g.
2
Suppose 3*s - 396 = -6*s. What are the prime factors of s?
2, 11
Let x(u) = -2*u**3 - 4*u**2 + 18*u + 5. What are the prime factors of x(-5)?
5, 13
List the prime factors of 2/9 - 3/(-54)*2102.
3, 13
Suppose -78 - 174 = -4*l. List the prime factors of l.
3, 7
Let c(b) = 4*b - 1. Let q be c(1). Suppose -2*r + 20 = -q*s, -s + 60 = 4*r - 2*s. What are the prime factors of r?
2
Suppose -2*z - 104 = -374. What are the prime factors of z?
3, 5
Let q(l) = 6*l**2 - 2*l + 4. What are the prime factors of q(-3)?
2
Let t be 1 - 4/(-6)*3. Suppose -t = 4*m + 1. List the prime factors of 6*1 - (m - -1).
2, 3
Let k = 55 + -16. List the prime factors of k.
3, 13
Suppose -5*w = 3*u - 456, u + 25 = -5*w + 177. List the prime factors of u.
2, 19
Let h be (-1 + 6)*18/(-10). Let k(u) = u**2 + u - 16. What are the prime factors of k(h)?
2, 7
Suppose -3*u - 3*p + 2*p = 8, -3*u = -5*p + 32. Let o = u + 17. What are the prime factors of o?
13
Let b = -10 - -4. Let p = b - -10. What are the prime factors of p?
2
Let k(w) = -16*w + 11. What are the prime factors of k(-6)?
107
Suppose -4*q - 5*n = -25, -5*q = 2*n - 3 - 7. Let k(l) = -l**3 - l**2 + l + 19. List the prime factors of k(q).
19
Let q(n) = -14*n + 3. List the prime factors of q(-3).
3, 5
Let x(a) = 3*a - 1. Let b be x(1). Suppose -b*q + q + 46 = 0. List the prime factors of q/6 - (-2)/6.
2
Suppose 4*o = -5*d + 40, -4*o + 40 = 5*d - 3*d. Let t = 5 - o. Let h = t - -14. List the prime factors of h.
3
Let q(r) = -r**3 + 3*r**2 + 6*r - 6. Let f be q(4). Suppose 37 = 3*b - m, 3 = f*b + 2*m - 19. List the prime factors of b.
2, 3
Let l(m) = 3*m**2 - 10*m + 1. Let j(o) = -4*o**2 + 9*o - 2. Let h(b) = -2*j(b) - 3*l(b). List the prime factors of h(10).
3, 7
What are the prime factors of 23/3 - 6/9?
7
Suppose -4*d = -b - 14, -2*d = 2*d + 2*b - 20. Suppose d*i - 8 = 24. What are the prime factors of i?
2
Let n = -89 - -98. Let t = 1 - 2. Let b = n + t. List the prime factors of b.
2
Suppose -2*s - 3 = 1. Let m be 21/12 + s/(-8). Let q(w) = w**2 + 4*w - 3. What are the prime factors of q(m)?
3
Let x be 3/(2 + -2 + 1). Let v(g) = -g**3 - 8*g**2 - 8*g - 6. Let a be v(-7). What are the prime factors of 5/(1/(x/a))?
3, 5
Let q(n) = 16*n. What are the prime factors of q(2)?
2
Let f be 1*7 + 15/(-5). Let n(g) = 3*g - 5. What are the prime factors of n(f)?
7
Suppose 0 = -6*d + 2*d + 16. Suppose -5*u + d = -116. Suppose -4*x = -u - 16. What are the prime factors of x?
2, 5
Let o = 0 + 2. Let z(t) be the third derivative of t**4/24 - 9*t**2. What are the prime factors of z(o)?
2
Let h(d) = 3*d - 49. List the prime factors of h(17).
2
Let l(a) = a**2 + 6*a - 5. Suppose 0 = -3*g - 2*g - 45. What are the prime factors of l(g)?
2, 11
Let i(h) = -h**3 + 2*h**2. Let m be i(2). Suppose 4*w - 5 - 16 = -v, m = -5*w - v + 26. What are the prime factors of w?
5
Let j = -1 + 3. Suppose -2*q - n = -14, -3*q - 3*n = -j*n - 21. List the prime factors of q.
7
Let a be 12/8*8/6. Suppose 0 = -a*g - 0*g + 44. What are the prime factors of g?
2, 11
What are the prime factors of 2/(-4) + 1305/30?
43
Suppose 0 = -4*c + 83 + 1. What are the prime factors of c?
3, 7
Let k(a) = -a**3 + 2*a**2 + a + 2. Let b be k(3). Let z(l) = 2*l**2 + 2*l + 5. What are the prime factors of z(b)?
29
Let g be -1*17 + (-2 - -1). Let v be 10/45 + (-518)/(-18). Let b = g + v. What are the prime factors of b?
11
Let q = 145 - 83. Suppose -4*a = -3*o - 50, 3*a - q = -2*a + 4*o. List the prime factors of a.
2, 7
Let t(w) = 27*w**3. Let b be t(-1). Let y = b + 44. List the prime factors of y.
17
Suppose 0 = 5*c + 20, -a - c - 18 = -173. List the prime factors of a.
3, 53
Let o(c) = 2*c**2 - 1. List the prime factors of o(-2).
7
Let v(k) = -k**3 - 17*k**2 - 3*k + 37. List the prime factors of v(-17).
2, 11
Let a = -2 + 2. Suppose 6*g - 2*g - 4 = a. Suppose -2*l + 5 = g. List the prime factors of l.
2
Let c be 4/(-6) - (-232)/(-12). Let z = c + 31. List the prime factors of z.
11
Suppose 4*o = 4*y + 81 - 13, -4*o - y + 53 = 0. List the prime factors of o.
2, 7
Suppose 0*h + h - 143 = m, -5*h = -m - 699. List the prime factors of h.
139
Let y = 120 - 81. What are the prime factors of y?
3, 13
Suppose a - 4*d + 86 = 2*a, 0 = 2*a + 3*d - 147. List the prime factors of a.
2, 3, 11
Let g = -589 - -852. What are the prime factors of g?
263
Suppose -3*u + 2*u + 7 = 0. Suppose w - u + 4 = 0. What are the prime factors of w?
3
Suppose 2*q - 2 - 2 = 0. Suppose 3 = q*h - 1. What are the prime factors of h?
2
Suppose -4*h - k = -0*k - 109, -3*k = -5*h + 132. Suppose a - h = 6. What are the prime factors of a?
3, 11
Suppose -3*v + 11 = -x, v + 0*x = -4*x + 8. Let z(l) = l**2 + 3 - 2*l - 2 - 3. What are the prime factors of z(v)?
2, 3
Let x = 12 - 7. Suppose 53 = x*m - 7. What are the prime factors of m?
2, 3
Let w(v) = v**3 + 5*v**2 + 2*v + 2. Let j be w(-2). Let o = j - -4. What are the prime factors of o?
2, 7
Suppose -u - 5*r = -14, 4*r = u - 2*u + 12. Suppose 0 = -u*g + 1 + 43. What are the prime factors of g?
11
Let u(s) = -2*s + 9. Let j be u(6). Let n be 4/6 + (-13)/j. Suppose a + n*c = -7, 0*a = 3*a + 4*c - 1. List the prime factors of a.
3
Let u be (-1*1)/(4/(-20)). Suppose 5*j + 19 = u*g + 79, 3 = -g. What are the prime factors of j?
3
Let d = -10 - -18. Let s be ((-3)/6)/((-1)/22). Let l = s - d. What are the prime factors of l?
3
Suppose -8*v = -3*v - 110. List the prime factors of v.
2, 11
Let q(x) = -x**2 + x + 2. Let y be q(-2). Let g = y + 7. What are the prime factors of g?
3
Let p = 118 - 70. What are the prime factors of p?
2, 3
Let c = 53 - -112. List the prime factors of c.
3, 5, 11
Let l be (-6)/(-4 - -3) - 2. Suppose l*a - a = 12. List the prime factors of a.
2
Let s(q) = q**2 - q - 1. Let v be s(2). List the prime factors of (v - -12) + 6/(-2).
2, 5
Suppose 6*b = 5*i + 2*b - 917, 2*b = 4*i - 730. Suppose 0 = d + 5*l - 2*l - 29, 5*d - i = -3*l. What are the prime factors of d?
2, 19
Let q(b) = -b**3 + 12*b**2 + 15*b + 18. What are the prime factors of q(13)?
2, 11
Let y(w) = 3*w - 4. Let o be y(3). Suppose 0 = o*g - 39 + 14. What are the prime factors of g?
5
Let m be 1/(-2*2/(-60)). Let v = 6 + m. What are the prime factors of v?
3, 7
Let b = 50 + -28. List the prime factors of b.
2, 11
Let u = -17 - -31. What are the prime factors of u?
2, 7
Suppose -14 = -5*y + 1. Let p be y/(-27)*-3*0. Suppose -3*z - z + 40 = p. List the prime factors of z.
2, 5
Let j be (-4)/(-22) - 112/11. Let d(b) = -b**2 - 4*b - 2. Let t be d(-5). Let f = t - j. List the prime factors of f.
3
Let k(b) be the second derivative of b**4/12 - 2*b**3/3 - 4*b**2 - b. Let p be k(7). Let v = -3 + p. What are the prime factors of v?
2, 5
Let x = 0 + 1. Suppose -3*f = x - 37. List the prime factors of f.
2, 3
List the prime factors of (-3)/1*(-98)/42.
7
Let t be 9/(-4) - 5/(-20). Let s(y) be the first derivative of -y**4/4 + y**3/3 + y**2/2 + y - 1. List the prime factors of s(t).
11
Suppose -7*b + 242 = -1095. List the prime factors of b.
191
Suppose 2*c = -4 + 14. Suppose -c*u - 5 = 0, -w + 3*u + 13 + 12 = 0. List the prime factors of w.
2, 11
Let t(c) = 24*c**3 + 1. Let q be t(1). Suppose 4*y = -5 - 47. Let f = y + q. What are the prime factors of f?
2, 3
Let h(u) be the second derivative of -2*u**3/3 - 4*u**2 + 3*u. What are the prime factors of h(-6)?
2
Suppose -44 = 4*y - 6*y. List the prime factors of y.
2, 11
Let s(a) = -a - 5. Let d be s(-7). What are the prime factors of 6/(-4) + 13/d?
5
Let p be 21/4 - 1/4. Suppose -3*i - 38 = -4*n - 5*i, p = n + 5*i. What are the prime factors of n?
2, 5
Suppose 0 = -3*l + 60 + 36. Suppose l = 2*r + 2*r. List the prime factors of r.
2
Suppose 2*y - v + 37 = 7*y, -4*v + 12 = 3*y. What are the prime factors of y?
2
Let u(q) = -3*q + 6. Let n be u(-5). Suppose -5*b